{"id":153,"date":"2026-02-17T10:30:17","date_gmt":"2026-02-17T15:30:17","guid":{"rendered":"https:\/\/ogagnon.dectim.ca\/Team-TP2\/wordpress\/?page_id=153"},"modified":"2026-04-27T16:04:33","modified_gmt":"2026-04-27T20:04:33","slug":"eliane-roy","status":"publish","type":"page","link":"https:\/\/ogagnon.dectim.ca\/Team-TP2\/wordpress\/eliane-roy\/","title":{"rendered":"\u00c9liane Roy"},"content":{"rendered":"\n<div class=\"wp-block-columns is-layout-flex wp-container-core-columns-is-layout-28f84493 wp-block-columns-is-layout-flex\">\n<div class=\"wp-block-column is-vertically-aligned-center is-layout-flow wp-container-core-column-is-layout-0ab540ad wp-block-column-is-layout-flow\">\n<div class=\"wp-block-group is-layout-constrained wp-container-core-group-is-layout-92b9201d wp-block-group-is-layout-constrained\">\n<h2 class=\"wp-block-heading\"><strong><strong>Responsable des effets sensoriels<\/strong><\/strong><\/h2>\n<\/div>\n\n\n\n<div class=\"wp-block-group is-layout-constrained wp-block-group-is-layout-constrained\">\n<div class=\"wp-block-group is-layout-constrained wp-container-core-group-is-layout-19e250f3 wp-block-group-is-layout-constrained\">\n<h3 class=\"wp-block-heading\"><strong>R\u00f4le dans l\u2019\u00e9quipe<\/strong><\/h3>\n\n\n\n<p class=\"has-ast-global-color-2-color has-text-color has-link-color wp-elements-578eac5e0f57acd77dd6e9a9c7146d13\"><strong>&nbsp;Int\u00e8gre les sensations physiques aux exp\u00e9riences.<\/strong><\/p>\n<\/div>\n\n\n\n<div class=\"wp-block-group is-layout-constrained wp-container-core-group-is-layout-be04af43 wp-block-group-is-layout-constrained\" style=\"margin-top:0;margin-bottom:0\">\n<h3 class=\"wp-block-heading\"><strong>Description du m\u00e9tier<\/strong><\/h3>\n\n\n\n<p class=\"has-ast-global-color-2-color has-text-color has-link-color wp-elements-4d4cd72eb6b242a35644964170af02f1\"><strong>&nbsp;Elle synchronise les effets physiques avec le contenu visuel et sonore.<\/strong><\/p>\n<\/div>\n<\/div>\n<\/div>\n\n\n\n<div class=\"wp-block-column is-layout-flow wp-block-column-is-layout-flow\">\n<figure class=\"wp-block-image size-full is-resized has-custom-border\"><img data-opt-id=2132412594  fetchpriority=\"high\" decoding=\"async\" width=\"1707\" height=\"2560\" src=\"https:\/\/mlhzlejwk6xn.i.optimole.com\/w:auto\/h:auto\/q:mauto\/f:best\/https:\/\/ogagnon.dectim.ca\/Team-TP2\/wordpress\/wp-content\/uploads\/2026\/04\/clarisse-meyer-x9cXI2eQLBw-unsplash-scaled.jpg\" alt=\"\" class=\"wp-image-1072\" style=\"border-top-left-radius:100px;border-bottom-right-radius:100px;aspect-ratio:1;object-fit:cover;width:785px;height:auto\" srcset=\"https:\/\/mlhzlejwk6xn.i.optimole.com\/w:1707\/h:2560\/q:mauto\/f:best\/https:\/\/ogagnon.dectim.ca\/Team-TP2\/wordpress\/wp-content\/uploads\/2026\/04\/clarisse-meyer-x9cXI2eQLBw-unsplash-scaled.jpg 1707w, https:\/\/mlhzlejwk6xn.i.optimole.com\/w:200\/h:300\/q:mauto\/f:best\/https:\/\/ogagnon.dectim.ca\/Team-TP2\/wordpress\/wp-content\/uploads\/2026\/04\/clarisse-meyer-x9cXI2eQLBw-unsplash-scaled.jpg 200w, https:\/\/mlhzlejwk6xn.i.optimole.com\/w:683\/h:1024\/q:mauto\/f:best\/https:\/\/ogagnon.dectim.ca\/Team-TP2\/wordpress\/wp-content\/uploads\/2026\/04\/clarisse-meyer-x9cXI2eQLBw-unsplash-scaled.jpg 683w, https:\/\/mlhzlejwk6xn.i.optimole.com\/w:768\/h:1152\/q:mauto\/f:best\/https:\/\/ogagnon.dectim.ca\/Team-TP2\/wordpress\/wp-content\/uploads\/2026\/04\/clarisse-meyer-x9cXI2eQLBw-unsplash-scaled.jpg 768w, https:\/\/mlhzlejwk6xn.i.optimole.com\/w:1024\/h:1536\/q:mauto\/f:best\/https:\/\/ogagnon.dectim.ca\/Team-TP2\/wordpress\/wp-content\/uploads\/2026\/04\/clarisse-meyer-x9cXI2eQLBw-unsplash-scaled.jpg 1024w, https:\/\/mlhzlejwk6xn.i.optimole.com\/w:1365\/h:2048\/q:mauto\/f:best\/https:\/\/ogagnon.dectim.ca\/Team-TP2\/wordpress\/wp-content\/uploads\/2026\/04\/clarisse-meyer-x9cXI2eQLBw-unsplash-scaled.jpg 1365w\" sizes=\"(max-width: 1000px) 100vw, 1000px\" \/><\/figure>\n<\/div>\n<\/div>\n\n\n\n<div class=\"wp-block-columns is-layout-flex wp-container-core-columns-is-layout-28f84493 wp-block-columns-is-layout-flex\">\n<div class=\"wp-block-column is-layout-flow wp-block-column-is-layout-flow\">\n<div class=\"wp-block-group is-layout-constrained wp-block-group-is-layout-constrained\">\n<h2 class=\"wp-block-heading has-text-align-left\"><strong>T\u00e2ches principales<\/strong><\/h2>\n\n\n\n<ul class=\"wp-block-list\">\n<li><strong>Gestion des effets (vent, eau, chaleur)<\/strong><\/li>\n\n\n\n<li><strong>Tests de s\u00e9curit\u00e9<\/strong><\/li>\n\n\n\n<li><strong>Maintenance des \u00e9quipements<\/strong><\/li>\n\n\n\n<li>Collaborer avec les \u00e9quipes techniques<\/li>\n<\/ul>\n<\/div>\n<\/div>\n\n\n\n<div class=\"wp-block-column is-layout-flow wp-block-column-is-layout-flow\">\n<h2 class=\"wp-block-heading has-text-align-left\">Comp\u00e9tences cl\u00e9s<\/h2>\n\n\n\n<ul class=\"wp-block-list\">\n<li><strong>Technique<\/strong><\/li>\n\n\n\n<li><strong>Pr\u00e9cision<\/strong><\/li>\n\n\n\n<li><strong>Gestion des risques<\/strong><\/li>\n<\/ul>\n<\/div>\n<\/div>\n\n\n\n<div class=\"wp-block-group is-content-justification-left is-layout-constrained wp-container-core-group-is-layout-8785cbc7 wp-block-group-is-layout-constrained\" style=\"padding-right:var(--wp--preset--spacing--70);padding-left:var(--wp--preset--spacing--70)\">\n<ul class=\"wp-block-list\">\n<li>Environnement de travail\n<ul class=\"wp-block-list\">\n<li><strong><strong><strong>&nbsp;Syst\u00e8mes m\u00e9caniques, capteurs, collaboration technique.<\/strong><br><\/strong><\/strong><\/li>\n<\/ul>\n<\/li>\n\n\n\n<li><strong>Formation recommand\u00e9e<\/strong>\n<ul class=\"wp-block-list\">\n<li><strong>&nbsp;G\u00e9nie, technologie multim\u00e9dia ou sc\u00e9nographie.<\/strong><br><\/li>\n<\/ul>\n<\/li>\n\n\n\n<li><strong>Perspectives d\u2019emploi<\/strong>\n<ul class=\"wp-block-list\">\n<li><strong>&nbsp;G\u00e9nie, technologie multim\u00e9dia ou sc\u00e9nographie.<\/strong><br><\/li>\n<\/ul>\n<\/li>\n\n\n\n<li><strong>Salaire moyen<\/strong>\n<ul class=\"wp-block-list\">\n<li><strong><strong><strong>&nbsp;60 000 $ \u00e0 85 000 $ \/ an.<\/strong><\/strong><\/strong><\/li>\n<\/ul>\n<\/li>\n<\/ul>\n<\/div>\n","protected":false},"excerpt":{"rendered":"<p>Responsable des effets sensoriels R\u00f4le dans l\u2019\u00e9quipe &nbsp;Int\u00e8gre les sensations physiques aux exp\u00e9riences. Description du m\u00e9tier &nbsp;Elle synchronise les effets [&hellip;]<\/p>\n","protected":false},"author":2,"featured_media":0,"parent":0,"menu_order":0,"comment_status":"closed","ping_status":"closed","template":"","meta":{"_uag_custom_page_level_css":"","site-sidebar-layout":"default","site-content-layout":"","ast-site-content-layout":"default","site-content-style":"default","site-sidebar-style":"default","ast-global-header-display":"","ast-banner-title-visibility":"","ast-main-header-display":"","ast-hfb-above-header-display":"","ast-hfb-below-header-display":"","ast-hfb-mobile-header-display":"","site-post-title":"","ast-breadcrumbs-content":"","ast-featured-img":"","footer-sml-layout":"","ast-disable-related-posts":"","theme-transparent-header-meta":"","adv-header-id-meta":"","stick-header-meta":"","header-above-stick-meta":"","header-main-stick-meta":"","header-below-stick-meta":"","astra-migrate-meta-layouts":"default","ast-page-background-enabled":"default","ast-page-background-meta":{"desktop":{"background-color":"var(--ast-global-color-5)","background-image":"","background-repeat":"repeat","background-position":"center center","background-size":"auto","background-attachment":"scroll","background-type":"","background-media":"","overlay-type":"","overlay-color":"","overlay-opacity":"","overlay-gradient":""},"tablet":{"background-color":"","background-image":"","background-repeat":"repeat","background-position":"center center","background-size":"auto","background-attachment":"scroll","background-type":"","background-media":"","overlay-type":"","overlay-color":"","overlay-opacity":"","overlay-gradient":""},"mobile":{"background-color":"","background-image":"","background-repeat":"repeat","background-position":"center center","background-size":"auto","background-attachment":"scroll","background-type":"","background-media":"","overlay-type":"","overlay-color":"","overlay-opacity":"","overlay-gradient":""}},"ast-content-background-meta":{"desktop":{"background-color":"var(--ast-global-color-4)","background-image":"","background-repeat":"repeat","background-position":"center center","background-size":"auto","background-attachment":"scroll","background-type":"","background-media":"","overlay-type":"","overlay-color":"","overlay-opacity":"","overlay-gradient":""},"tablet":{"background-color":"var(--ast-global-color-4)","background-image":"","background-repeat":"repeat","background-position":"center center","background-size":"auto","background-attachment":"scroll","background-type":"","background-media":"","overlay-type":"","overlay-color":"","overlay-opacity":"","overlay-gradient":""},"mobile":{"background-color":"var(--ast-global-color-4)","background-image":"","background-repeat":"repeat","background-position":"center center","background-size":"auto","background-attachment":"scroll","background-type":"","background-media":"","overlay-type":"","overlay-color":"","overlay-opacity":"","overlay-gradient":""}},"footnotes":""},"class_list":["post-153","page","type-page","status-publish","hentry"],"uagb_featured_image_src":{"full":false,"thumbnail":false,"medium":false,"medium_large":false,"large":false,"1536x1536":false,"2048x2048":false},"uagb_author_info":{"display_name":"Kamille Daoust","author_link":"https:\/\/ogagnon.dectim.ca\/Team-TP2\/wordpress\/author\/chamomille\/"},"uagb_comment_info":0,"uagb_excerpt":"Responsable des effets sensoriels R\u00f4le dans l\u2019\u00e9quipe &nbsp;Int\u00e8gre les sensations physiques aux exp\u00e9riences. Description du m\u00e9tier &nbsp;Elle synchronise les effets [&hellip;]","_links":{"self":[{"href":"https:\/\/ogagnon.dectim.ca\/Team-TP2\/wordpress\/wp-json\/wp\/v2\/pages\/153","targetHints":{"allow":["GET"]}}],"collection":[{"href":"https:\/\/ogagnon.dectim.ca\/Team-TP2\/wordpress\/wp-json\/wp\/v2\/pages"}],"about":[{"href":"https:\/\/ogagnon.dectim.ca\/Team-TP2\/wordpress\/wp-json\/wp\/v2\/types\/page"}],"author":[{"embeddable":true,"href":"https:\/\/ogagnon.dectim.ca\/Team-TP2\/wordpress\/wp-json\/wp\/v2\/users\/2"}],"replies":[{"embeddable":true,"href":"https:\/\/ogagnon.dectim.ca\/Team-TP2\/wordpress\/wp-json\/wp\/v2\/comments?post=153"}],"version-history":[{"count":10,"href":"https:\/\/ogagnon.dectim.ca\/Team-TP2\/wordpress\/wp-json\/wp\/v2\/pages\/153\/revisions"}],"predecessor-version":[{"id":1360,"href":"https:\/\/ogagnon.dectim.ca\/Team-TP2\/wordpress\/wp-json\/wp\/v2\/pages\/153\/revisions\/1360"}],"wp:attachment":[{"href":"https:\/\/ogagnon.dectim.ca\/Team-TP2\/wordpress\/wp-json\/wp\/v2\/media?parent=153"}],"curies":[{"name":"wp","href":"https:\/\/api.w.org\/{rel}","templated":true}]}}