{"id":143,"date":"2026-02-17T10:29:04","date_gmt":"2026-02-17T15:29:04","guid":{"rendered":"https:\/\/ogagnon.dectim.ca\/Team-TP2\/wordpress\/?page_id=143"},"modified":"2026-04-07T12:07:34","modified_gmt":"2026-04-07T16:07:34","slug":"alexandre-moreau","status":"publish","type":"page","link":"https:\/\/ogagnon.dectim.ca\/Team-TP2\/wordpress\/alexandre-moreau\/","title":{"rendered":"Alexandre Moreau"},"content":{"rendered":"\n<div class=\"wp-block-columns is-layout-flex wp-container-core-columns-is-layout-28f84493 wp-block-columns-is-layout-flex\">\n<div class=\"wp-block-column is-vertically-aligned-center is-layout-flow wp-container-core-column-is-layout-0ab540ad wp-block-column-is-layout-flow\">\n<div class=\"wp-block-group is-layout-constrained wp-container-core-group-is-layout-4f8d0946 wp-block-group-is-layout-constrained\" style=\"margin-top:var(--wp--preset--spacing--50);margin-bottom:var(--wp--preset--spacing--50)\">\n<h2 class=\"wp-block-heading\"><strong>Directeur cr\u00e9atif<\/strong><\/h2>\n<\/div>\n\n\n\n<div class=\"wp-block-group is-layout-constrained wp-block-group-is-layout-constrained\">\n<div class=\"wp-block-group is-layout-constrained wp-container-core-group-is-layout-346627ba wp-block-group-is-layout-constrained\">\n<h3 class=\"wp-block-heading\"><strong>R\u00f4le dans l\u2019\u00e9quipe<\/strong><\/h3>\n\n\n\n<p class=\"has-ast-global-color-2-color has-text-color has-link-color wp-elements-db7d910ef941e035286df4939792b6c3\">Responsable de la vision artistique globale et de la coh\u00e9rence des exp\u00e9riences immersives.<\/p>\n<\/div>\n\n\n\n<div class=\"wp-block-group is-layout-constrained wp-container-core-group-is-layout-be04af43 wp-block-group-is-layout-constrained\" style=\"margin-top:0;margin-bottom:0\">\n<h3 class=\"wp-block-heading\"><strong>Description du m\u00e9tier<\/strong><\/h3>\n\n\n\n<p class=\"has-ast-global-color-2-color has-text-color has-link-color wp-elements-17915bffecdc3747467fc3943751a4b6\">Le directeur cr\u00e9atif d\u00e9finit l\u2019identit\u00e9 visuelle, narrative et \u00e9motionnelle des installations. Il veille \u00e0 ce que chaque projet respecte l\u2019univers de l\u2019entreprise.<br><\/p>\n<\/div>\n<\/div>\n<\/div>\n\n\n\n<div class=\"wp-block-column is-layout-flow wp-block-column-is-layout-flow\">\n<figure class=\"wp-block-image size-full is-resized has-custom-border is-style-default\"><img data-opt-id=360126586  fetchpriority=\"high\" decoding=\"async\" width=\"400\" height=\"600\" src=\"https:\/\/mlhzlejwk6xn.i.optimole.com\/w:auto\/h:auto\/q:mauto\/f:best\/https:\/\/ogagnon.dectim.ca\/Team-TP2\/wordpress\/wp-content\/uploads\/2026\/03\/Group-3-1-1.webp\" alt=\"\" class=\"wp-image-768\" style=\"border-top-left-radius:100px;border-top-right-radius:0px;border-bottom-left-radius:0px;border-bottom-right-radius:100px;aspect-ratio:1;object-fit:cover;width:785px;height:auto\" srcset=\"https:\/\/mlhzlejwk6xn.i.optimole.com\/w:400\/h:600\/q:mauto\/f:best\/https:\/\/ogagnon.dectim.ca\/Team-TP2\/wordpress\/wp-content\/uploads\/2026\/03\/Group-3-1-1.webp 400w, https:\/\/mlhzlejwk6xn.i.optimole.com\/w:200\/h:300\/q:mauto\/f:best\/https:\/\/ogagnon.dectim.ca\/Team-TP2\/wordpress\/wp-content\/uploads\/2026\/03\/Group-3-1-1.webp 200w\" sizes=\"(max-width: 400px) 100vw, 400px\" \/><\/figure>\n<\/div>\n<\/div>\n\n\n\n<div class=\"wp-block-columns is-layout-flex wp-container-core-columns-is-layout-28f84493 wp-block-columns-is-layout-flex\">\n<div class=\"wp-block-column is-layout-flow wp-block-column-is-layout-flow\">\n<div class=\"wp-block-group is-layout-constrained wp-block-group-is-layout-constrained\">\n<h2 class=\"wp-block-heading has-text-align-left\"><strong>T\u00e2ches principales<\/strong><\/h2>\n\n\n\n<ul class=\"wp-block-list\">\n<li>D\u00e9finir la direction artistique<br><\/li>\n\n\n\n<li>Superviser les \u00e9quipes cr\u00e9atives<br><\/li>\n\n\n\n<li>Valider les concepts visuels et narratifs<br><\/li>\n\n\n\n<li>Collaborer avec les \u00e9quipes techniques<\/li>\n<\/ul>\n<\/div>\n<\/div>\n\n\n\n<div class=\"wp-block-column is-layout-flow wp-block-column-is-layout-flow\">\n<h2 class=\"wp-block-heading has-text-align-left\">Comp\u00e9tences cl\u00e9s<\/h2>\n\n\n\n<ul class=\"wp-block-list\">\n<li>Cr\u00e9ativit\u00e9 et leadership<br><\/li>\n\n\n\n<li>Sens de la narration<br><\/li>\n\n\n\n<li>Vision artistique globale<br><\/li>\n<\/ul>\n<\/div>\n<\/div>\n\n\n\n<p style=\"margin-right:var(--wp--preset--spacing--60);margin-left:var(--wp--preset--spacing--60)\"><\/p>\n\n\n\n<div class=\"wp-block-group is-content-justification-left is-layout-constrained wp-container-core-group-is-layout-8785cbc7 wp-block-group-is-layout-constrained\" style=\"padding-right:var(--wp--preset--spacing--70);padding-left:var(--wp--preset--spacing--70)\">\n<ul class=\"wp-block-list\">\n<li>Environnement de travail\n<ul class=\"wp-block-list\">\n<li><strong><strong>\u00a0Suite Adobe, r\u00e9unions d\u2019\u00e9quipe, collaboration \u00e9troite avec artistes 3D et d\u00e9veloppeurs.<\/strong><\/strong><\/li>\n<\/ul>\n<\/li>\n\n\n\n<li><strong>Formation recommand\u00e9e<\/strong>\n<ul class=\"wp-block-list\">\n<li><strong>\u00a0Baccalaur\u00e9at en design, cin\u00e9ma, cr\u00e9ation num\u00e9rique ou multim\u00e9dia.<\/strong><br><\/li>\n<\/ul>\n<\/li>\n\n\n\n<li><strong>Perspectives d\u2019emploi<\/strong>\n<ul class=\"wp-block-list\">\n<li><strong>\u00a0Direction de studio, consultant cr\u00e9atif, direction artistique internationale.<\/strong><\/li>\n<\/ul>\n<\/li>\n\n\n\n<li><strong>Salaire moyen<\/strong>\n<ul class=\"wp-block-list\">\n<li><strong><strong>\u00a0Environ 80 000 $ \u00e0 100 000 $ \/ an (Canada).<\/strong><\/strong><\/li>\n<\/ul>\n<\/li>\n<\/ul>\n<\/div>\n","protected":false},"excerpt":{"rendered":"<p>Directeur cr\u00e9atif R\u00f4le dans l\u2019\u00e9quipe Responsable de la vision artistique globale et de la coh\u00e9rence des exp\u00e9riences immersives. Description du [&hellip;]<\/p>\n","protected":false},"author":2,"featured_media":0,"parent":0,"menu_order":0,"comment_status":"closed","ping_status":"closed","template":"","meta":{"_uag_custom_page_level_css":"","site-sidebar-layout":"default","site-content-layout":"","ast-site-content-layout":"default","site-content-style":"default","site-sidebar-style":"default","ast-global-header-display":"","ast-banner-title-visibility":"","ast-main-header-display":"","ast-hfb-above-header-display":"","ast-hfb-below-header-display":"","ast-hfb-mobile-header-display":"","site-post-title":"","ast-breadcrumbs-content":"","ast-featured-img":"","footer-sml-layout":"","ast-disable-related-posts":"","theme-transparent-header-meta":"","adv-header-id-meta":"","stick-header-meta":"","header-above-stick-meta":"","header-main-stick-meta":"","header-below-stick-meta":"","astra-migrate-meta-layouts":"default","ast-page-background-enabled":"default","ast-page-background-meta":{"desktop":{"background-color":"var(--ast-global-color-5)","background-image":"","background-repeat":"repeat","background-position":"center center","background-size":"auto","background-attachment":"scroll","background-type":"","background-media":"","overlay-type":"","overlay-color":"","overlay-opacity":"","overlay-gradient":""},"tablet":{"background-color":"","background-image":"","background-repeat":"repeat","background-position":"center center","background-size":"auto","background-attachment":"scroll","background-type":"","background-media":"","overlay-type":"","overlay-color":"","overlay-opacity":"","overlay-gradient":""},"mobile":{"background-color":"","background-image":"","background-repeat":"repeat","background-position":"center center","background-size":"auto","background-attachment":"scroll","background-type":"","background-media":"","overlay-type":"","overlay-color":"","overlay-opacity":"","overlay-gradient":""}},"ast-content-background-meta":{"desktop":{"background-color":"var(--ast-global-color-4)","background-image":"","background-repeat":"repeat","background-position":"center center","background-size":"auto","background-attachment":"scroll","background-type":"","background-media":"","overlay-type":"","overlay-color":"","overlay-opacity":"","overlay-gradient":""},"tablet":{"background-color":"var(--ast-global-color-4)","background-image":"","background-repeat":"repeat","background-position":"center center","background-size":"auto","background-attachment":"scroll","background-type":"","background-media":"","overlay-type":"","overlay-color":"","overlay-opacity":"","overlay-gradient":""},"mobile":{"background-color":"var(--ast-global-color-4)","background-image":"","background-repeat":"repeat","background-position":"center center","background-size":"auto","background-attachment":"scroll","background-type":"","background-media":"","overlay-type":"","overlay-color":"","overlay-opacity":"","overlay-gradient":""}},"footnotes":""},"class_list":["post-143","page","type-page","status-publish","hentry"],"uagb_featured_image_src":{"full":false,"thumbnail":false,"medium":false,"medium_large":false,"large":false,"1536x1536":false,"2048x2048":false},"uagb_author_info":{"display_name":"Kamille Daoust","author_link":"https:\/\/ogagnon.dectim.ca\/Team-TP2\/wordpress\/author\/chamomille\/"},"uagb_comment_info":0,"uagb_excerpt":"Directeur cr\u00e9atif R\u00f4le dans l\u2019\u00e9quipe Responsable de la vision artistique globale et de la coh\u00e9rence des exp\u00e9riences immersives. Description du [&hellip;]","_links":{"self":[{"href":"https:\/\/ogagnon.dectim.ca\/Team-TP2\/wordpress\/wp-json\/wp\/v2\/pages\/143","targetHints":{"allow":["GET"]}}],"collection":[{"href":"https:\/\/ogagnon.dectim.ca\/Team-TP2\/wordpress\/wp-json\/wp\/v2\/pages"}],"about":[{"href":"https:\/\/ogagnon.dectim.ca\/Team-TP2\/wordpress\/wp-json\/wp\/v2\/types\/page"}],"author":[{"embeddable":true,"href":"https:\/\/ogagnon.dectim.ca\/Team-TP2\/wordpress\/wp-json\/wp\/v2\/users\/2"}],"replies":[{"embeddable":true,"href":"https:\/\/ogagnon.dectim.ca\/Team-TP2\/wordpress\/wp-json\/wp\/v2\/comments?post=143"}],"version-history":[{"count":10,"href":"https:\/\/ogagnon.dectim.ca\/Team-TP2\/wordpress\/wp-json\/wp\/v2\/pages\/143\/revisions"}],"predecessor-version":[{"id":1036,"href":"https:\/\/ogagnon.dectim.ca\/Team-TP2\/wordpress\/wp-json\/wp\/v2\/pages\/143\/revisions\/1036"}],"wp:attachment":[{"href":"https:\/\/ogagnon.dectim.ca\/Team-TP2\/wordpress\/wp-json\/wp\/v2\/media?parent=143"}],"curies":[{"name":"wp","href":"https:\/\/api.w.org\/{rel}","templated":true}]}}

<div class="wp-block-columns is-layout-flex wp-container-core-columns-is-layout-28f84493 wp-block-columns-is-layout-flex">
<div class="wp-block-column is-vertically-aligned-center is-layout-flow wp-container-core-column-is-layout-0ab540ad wp-block-column-is-layout-flow">
<div class="wp-block-group is-layout-constrained wp-container-core-group-is-layout-4f8d0946 wp-block-group-is-layout-constrained" style="margin-top:var(--wp--preset--spacing--50);margin-bottom:var(--wp--preset--spacing--50)">
<h2 class="wp-block-heading"><strong>Directeur créatif</strong></h2>
</div>



<div class="wp-block-group is-layout-constrained wp-block-group-is-layout-constrained">
<div class="wp-block-group is-layout-constrained wp-container-core-group-is-layout-346627ba wp-block-group-is-layout-constrained">
<h3 class="wp-block-heading"><strong>Rôle dans l’équipe</strong></h3>



<p class="has-ast-global-color-2-color has-text-color has-link-color wp-elements-db7d910ef941e035286df4939792b6c3">Responsable de la vision artistique globale et de la cohérence des expériences immersives.</p>
</div>



<div class="wp-block-group is-layout-constrained wp-container-core-group-is-layout-be04af43 wp-block-group-is-layout-constrained" style="margin-top:0;margin-bottom:0">
<h3 class="wp-block-heading"><strong>Description du métier</strong></h3>



<p class="has-ast-global-color-2-color has-text-color has-link-color wp-elements-17915bffecdc3747467fc3943751a4b6">Le directeur créatif définit l’identité visuelle, narrative et émotionnelle des installations. Il veille à ce que chaque projet respecte l’univers de l’entreprise.<br></p>
</div>
</div>
</div>



<div class="wp-block-column is-layout-flow wp-block-column-is-layout-flow">
<figure class="wp-block-image size-full is-resized has-custom-border is-style-default"><img data-opt-id=360126586  fetchpriority="high" decoding="async" width="400" height="600" src="https://mlhzlejwk6xn.i.optimole.com/w:auto/h:auto/q:mauto/f:best/https://ogagnon.dectim.ca/Team-TP2/wordpress/wp-content/uploads/2026/03/Group-3-1-1.webp" alt="" class="wp-image-768" style="border-top-left-radius:100px;border-top-right-radius:0px;border-bottom-left-radius:0px;border-bottom-right-radius:100px;aspect-ratio:1;object-fit:cover;width:785px;height:auto" srcset="https://mlhzlejwk6xn.i.optimole.com/w:400/h:600/q:mauto/f:best/https://ogagnon.dectim.ca/Team-TP2/wordpress/wp-content/uploads/2026/03/Group-3-1-1.webp 400w, https://mlhzlejwk6xn.i.optimole.com/w:200/h:300/q:mauto/f:best/https://ogagnon.dectim.ca/Team-TP2/wordpress/wp-content/uploads/2026/03/Group-3-1-1.webp 200w" sizes="(max-width: 400px) 100vw, 400px" /></figure>
</div>
</div>



<div class="wp-block-columns is-layout-flex wp-container-core-columns-is-layout-28f84493 wp-block-columns-is-layout-flex">
<div class="wp-block-column is-layout-flow wp-block-column-is-layout-flow">
<div class="wp-block-group is-layout-constrained wp-block-group-is-layout-constrained">
<h2 class="wp-block-heading has-text-align-left"><strong>Tâches principales</strong></h2>



<ul class="wp-block-list">
<li>Définir la direction artistique<br></li>



<li>Superviser les équipes créatives<br></li>



<li>Valider les concepts visuels et narratifs<br></li>



<li>Collaborer avec les équipes techniques</li>
</ul>
</div>
</div>



<div class="wp-block-column is-layout-flow wp-block-column-is-layout-flow">
<h2 class="wp-block-heading has-text-align-left">Compétences clés</h2>



<ul class="wp-block-list">
<li>Créativité et leadership<br></li>



<li>Sens de la narration<br></li>



<li>Vision artistique globale<br></li>
</ul>
</div>
</div>



<p style="margin-right:var(--wp--preset--spacing--60);margin-left:var(--wp--preset--spacing--60)"></p>



<div class="wp-block-group is-content-justification-left is-layout-constrained wp-container-core-group-is-layout-8785cbc7 wp-block-group-is-layout-constrained" style="padding-right:var(--wp--preset--spacing--70);padding-left:var(--wp--preset--spacing--70)">
<ul class="wp-block-list">
<li>Environnement de travail
<ul class="wp-block-list">
<li><strong><strong> Suite Adobe, réunions d’équipe, collaboration étroite avec artistes 3D et développeurs.</strong></strong></li>
</ul>
</li>



<li><strong>Formation recommandée</strong>
<ul class="wp-block-list">
<li><strong> Baccalauréat en design, cinéma, création numérique ou multimédia.</strong><br></li>
</ul>
</li>



<li><strong>Perspectives d’emploi</strong>
<ul class="wp-block-list">
<li><strong> Direction de studio, consultant créatif, direction artistique internationale.</strong></li>
</ul>
</li>



<li><strong>Salaire moyen</strong>
<ul class="wp-block-list">
<li><strong><strong> Environ 80 000 $ à 100 000 $ / an (Canada).</strong></strong></li>
</ul>
</li>
</ul>
</div>

<p>Directeur créatif Rôle dans l’équipe Responsable de la vision artistique globale et de la cohérence des expériences immersives. Description du [&hellip;]</p>

Directeur créatif Rôle dans l’équipe Responsable de la vision artistique globale et de la cohérence des expériences immersives. Description du [&hellip;]
